te the greatest common divisor of 23 and k.
23
Let t be ((-21)/35)/(2/(-10)). Suppose -t*j - 2*r = j - 28, r = 0. Let f be (-15)/(-7) - 1/j. What is the highest common divisor of 1 and f?
1
Suppose 5*a - 540 = -4*a. Calculate the greatest common divisor of a and 36.
12
Let f(a) = -2*a**3 - 8*a**2 + 8*a - 10. Let q be f(-8). Suppose 0 = 4*n - v - 878, n = 3*n - v - q. Calculate the greatest common factor of 20 and n.
20
Let p = 13 + -9. Let c be 2/8 + (-1)/p. Let g = c + 3. What is the greatest common factor of g and 3?
3
Suppose -2*b - b = -4*w - 72, 2*w = -3*b + 90. What is the greatest common factor of 112 and b?
28
Let z(o) = o**3 + o - 1. Let d be z(1). Suppose 2*c + d = -3*i - 0*c, 0 = -c - 5. Calculate the greatest common factor of 3 and i.
3
Let f(z) = -z**2 + 13*z + 13. Let h = 35 - 22. Let b be f(h). Calculate the highest common factor of b and 65.
13
Suppose -8 = -2*y + 20. Suppose 0 = -0*b - 4*b + 84. What is the highest common divisor of y and b?
7
Let n be 8 - 4 - (2 - 22). Let t(p) = p - 18. Let q(b) = -b + 17. Let z(o) = 4*q(o) + 3*t(o). Let k be z(6). Calculate the greatest common divisor of n and k.
8
Let i(b) = 23*b + 3. Let n be i(5). Suppose 50 = 3*c - n. Calculate the highest common divisor of 8 and c.
8
Suppose 9*g + 35 = 10*g. Calculate the greatest common divisor of g and 70.
35
Let u(g) = 2*g**2 - 10*g + 2. Let n be u(7). Let z be ((-40)/32)/((-2)/16). Calculate the highest common factor of n and z.
10
Let y(f) = -3*f**3 - 4*f**2 - 2*f**3 + f**3 - 2*f. Let p be y(-2). What is the greatest common factor of p and 10?
10
Suppose 0 = 3*l - 13 + 7. Calculate the greatest common factor of 4 and l.
2
Let y = -2 - -6. Suppose -4*z - 2*a = -82, 58 = 3*z - 5*a + 3*a. What is the greatest common divisor of y and z?
4
Let g(n) = -3*n - 21. Let q be g(-9). Let m be (-405)/3*(-2)/q. Calculate the highest common factor of m and 15.
15
Let y = 146 + -77. Calculate the highest common divisor of y and 23.
23
Suppose 0 = -c - b + 5, -3*c + 5*b - 4 = -c. Let d be 154/10 - 4/10. Calculate the highest common divisor of c and d.
3
Suppose -60 = 3*p - p. Let d = 42 + p. What is the highest common divisor of 12 and d?
12
Let o be 2/8 - (-70)/8. Suppose 108 - o = i. Let w = 9 + 0. What is the highest common divisor of w and i?
9
Suppose -2*x - 2*c = -20, 4*x = x + 5*c + 62. Suppose 0 = 4*k + k - 310. Suppose -64 = -d + k. Calculate the greatest common divisor of d and x.
14
Suppose 0 = 2*h - 0 - 10. Let z(t) = -t**3 + 5*t**2 + 3*t - 6. Let f be z(h). What is the greatest common divisor of f and 36?
9
Let p = 10 - -22. Calculate the greatest common divisor of 8 and p.
8
Let s(c) = 2*c**2 - 1. Let g be s(-1). Let h be g*-3*160/(-12). What is the greatest common factor of h and 10?
10
Let t be 93*(2 - 1) - (4 + -1). Calculate the greatest common divisor of t and 225.
45
Suppose -3*f = -6*f + 63. Suppose -s = 2*p - f, 5*s + 4*p = 5*p + 61. Calculate the greatest common divisor of s and 26.
13
Let y = -13 + 15. Suppose y*b = b + 40. Calculate the highest common factor of b and 10.
10
Let s be (-1*2)/(1/(-8)). Let w(y) = y**3 + 4*y**2 + 4*y - 5. Let g be w(-4). Let r = 3 - g. What is the highest common factor of r and s?
8
Let k be 13*5 + (-6)/(-6). Calculate the greatest common factor of k and 22.
22
Suppose -91 = 4*z - 11*z. Calculate the highest common factor of 1 and z.
1
Let y be -1 - -32 - 3/3. Let j = y - -245. Suppose 0 = p - 6*p + j. Calculate the highest common factor of 5 and p.
5
Suppose 0 = -5*t + 3*t + 24. Let s be 8/t*18/4. Calculate the highest common factor of 1 and s.
1
Let q(j) = -13*j**3 - 4*j**2 - 4*j - 3. Let u be q(-3). Suppose 0 = 3*h + g - u, 5*h - 4*h + 3*g = 108. Calculate the greatest common factor of h and 18.
18
Let g be -5 - 1/((-5)/255). Calculate the highest common divisor of g and 23.
23
Suppose -q + 21 = 2*q. What is the highest common divisor of q and 7?
7
Let a(m) = 4*m - 2. Let n be a(3). Let c be (-1412)/(-22) - 14/77. Let w = -44 + c. What is the highest common factor of n and w?
10
Let n = -18 + 47. Let h = 27 + n. Calculate the greatest common divisor of h and 8.
8
Let i = -21 + 22. What is the highest common factor of 1 and i?
1
Let l(x) = 2*x**2 - 2*x - 2*x**2 + 4 + x**2. Let h be l(4). Let p = 22 - h. What is the greatest common divisor of 20 and p?
10
Suppose 4*n - 7 = 1. Let z be 2 + -3 + 16 + 1. Calculate the highest common divisor of n and z.
2
Let z(s) = s**2 + s + 6. Let d be z(0). Let b = -73 + 139. What is the highest common factor of d and b?
6
Suppose -5*r + 2 + 6 = 2*l, -3*r = -5*l + 20. Let n be (-378)/(-5) + l/10. What is the highest common factor of 19 and n?
19
Let v = 3 - 4. Let i = v + 3. Let n be ((-11)/1)/((-2)/i). Calculate the greatest common divisor of 88 and n.
11
Let y be (-30)/4*60/(-50). What is the highest common divisor of y and 36?
9
Let x(p) = p**3 - 7*p + 3 - 3*p**2 + 2*p + 2*p. Let w be x(4). What is the highest common factor of w and 14?
7
Suppose 0*d = 4*d - 4*s - 36, 0 = 2*d - s - 18. Let a be 6/45*d*5. Suppose -15 = -3*k, -2*u + a*u - 43 = k. What is the greatest common divisor of 4 and u?
4
Let n be (1 - 1)/2 - -64. Suppose -3*v + n = v. Calculate the greatest common factor of 32 and v.
16
Let q = 0 - -1. Let o(b) = b + 0 + 6 - 3. Let i be o(-2). Calculate the highest common divisor of q and i.
1
Suppose 20 = y + 5*v, 9*v - 20 = -3*y + 4*v. Let b be 107 - (y + (-2 - 1)). Let u be (1 - -1) + 6 + 2. What is the greatest common factor of u and b?
10
Let t(r) = 2*r**2 + 4*r + 6. Let k be t(-5). What is the greatest common factor of 24 and k?
12
Suppose -5*b = -2*c - 832, -3*b - 162 + 686 = 5*c. What is the greatest common factor of 24 and b?
24
Suppose 0 = -2*o + 8, -52 = -5*m - 5*o + 8. Suppose m - 64 = -r. Suppose -5*u + 14 = -r. What is the highest common divisor of 42 and u?
14
Let y = -78 - -204. Suppose 0*p - 2*p = -8. Suppose 3*z - p*j = -j + 102, -y = -4*z - j. Calculate the highest common factor of 4 and z.
4
Let n = 16 - 10. What is the greatest common divisor of n and 66?
6
Suppose -2*k + 14 + 6 = 0. Let b(u) = 13*u - 1. Let t be b(2). Calculate the greatest common factor of t and k.
5
Let a(p) = -p**3 - 11*p**2 + 21*p - 8. Let z be a(-13). Calculate the greatest common factor of z and 38.
19
Let m be 6/4 + 1517/74. Let k be (-1 + 1)/(-3) + 2. What is the highest common divisor of k and m?
2
Suppose 3*n - 4 = 191. Let t(m) = -16 - 2*m + 5 + 11. Let i be t(-13). What is the highest common divisor of n and i?
13
Suppose 5*v - 14 = 51. Calculate the greatest common divisor of 377 and v.
13
Let i(c) = 7 + 2*c - 7*c - 2*c**2 - 12*c**2 - 9*c - c**3. Let n be i(-13). What is the highest common factor of 10 and n?
10
Suppose 0 = 5*v - 2*g - 1370, 0 = -3*v - 2*g - 494 + 1300. What is the highest common divisor of v and 34?
34
Suppose 23 = 4*t - 13. Let o = 134 - 62. Calculate the highest common divisor of t and o.
9
Suppose l - 27 = -0*l. Suppose 5*q - 20 = 3*j, -3*q + 4*j = -4*q + l. Calculate the greatest common factor of 7 and q.
7
Let m be 4 + (-2)/2 - (-4 - -3). Let q = -7 + -2. Let h = m - q. What is the highest common divisor of h and 39?
13
Let f = 74 + 1. Let s(t) = -t**2 + 16*t - 45. Let a be s(10). What is the highest common factor of a and f?
15
Let j be -7*(-3 - (-30)/14). Calculate the greatest common factor of 4 and j.
2
Suppose 4*s - 15 = -r, r - 3*s = -3*r + 22. Calculate the greatest common factor of r and 63.
7
Let x(h) = 15*h**2 - 1. Let y be x(1). Let g = 99 - 49. Let c = 48 + g. What is the greatest common divisor of y and c?
14
Let o = 22 + -11. What is the greatest common factor of 11 and o?
11
Suppose -5 + 1 = 2*h, -4*p + 114 = h. Calculate the highest common divisor of 29 and p.
29
Suppose -15*y = -y - 196. Suppose 0 = -3*x + 9, 5*x = -2*m + 3*x + 230. Calculate the highest common factor of m and y.
14
Let b be (-1)/2*2 - -85. Calculate the highest common factor of 12 and b.
12
Suppose h = 3 + 9. Calculate the highest common divisor of h and 96.
12
Suppose 0 = t - 3*t + 10. Suppose 5*b = -25, 2*u = -u + t*b - 23. Let v = u + 36. Calculate the highest common divisor of 8 and v.
4
Suppose 14 = 4*v - 0*v - 3*q, -3*v + 2*q + 10 = 0. What is the highest common divisor of 18 and v?
2
Let n(k) = 7*k - 27. Let m be n(13). What is the highest common 